{"id":757,"date":"2019-02-11T10:56:16","date_gmt":"2019-02-11T10:56:16","guid":{"rendered":"https:\/\/demolar.nifweb.com\/eticaret\/demo1\/?post_type=product&#038;p=757"},"modified":"2025-04-10T22:24:38","modified_gmt":"2025-04-10T22:24:38","slug":"turkce-q-klavye","status":"publish","type":"product","link":"https:\/\/demolar.nifweb.com\/eticaret\/demo1\/product\/turkce-q-klavye\/","title":{"rendered":"T\u00fcrk\u00e7e Q Klavye"},"content":{"rendered":"<p>\u00fcr\u00fcn t\u00fcrk\u00e7e q harf dizilimine sahiptir.<\/p>\n","protected":false},"excerpt":{"rendered":"<p>t\u00fcrk\u00e7e q klavye \u00f6zellikleri:<\/p>\n<p>fazla yer kaplamaz<\/p>\n<p>num lock tu\u015flar\u0131 yoktur (bunun i\u00e7in bir \u00fcst modeli tercih edebilirsiniz)<\/p>\n<p>tu\u015flar yerinden \u00e7\u0131kmakta olup farkl\u0131 renkler tak\u0131labilir.<\/p>\n","protected":false},"featured_media":520,"menu_order":0,"comment_status":"open","ping_status":"closed","template":"","meta":[],"product_cat":[22,18],"product_tag":[45,311,310,312],"_links":{"self":[{"href":"https:\/\/demolar.nifweb.com\/eticaret\/demo1\/wp-json\/wp\/v2\/product\/757"}],"collection":[{"href":"https:\/\/demolar.nifweb.com\/eticaret\/demo1\/wp-json\/wp\/v2\/product"}],"about":[{"href":"https:\/\/demolar.nifweb.com\/eticaret\/demo1\/wp-json\/wp\/v2\/types\/product"}],"replies":[{"embeddable":true,"href":"https:\/\/demolar.nifweb.com\/eticaret\/demo1\/wp-json\/wp\/v2\/comments?post=757"}],"wp:featuredmedia":[{"embeddable":true,"href":"https:\/\/demolar.nifweb.com\/eticaret\/demo1\/wp-json\/wp\/v2\/media\/520"}],"wp:attachment":[{"href":"https:\/\/demolar.nifweb.com\/eticaret\/demo1\/wp-json\/wp\/v2\/media?parent=757"}],"wp:term":[{"taxonomy":"product_cat","embeddable":true,"href":"https:\/\/demolar.nifweb.com\/eticaret\/demo1\/wp-json\/wp\/v2\/product_cat?post=757"},{"taxonomy":"product_tag","embeddable":true,"href":"https:\/\/demolar.nifweb.com\/eticaret\/demo1\/wp-json\/wp\/v2\/product_tag?post=757"}],"curies":[{"name":"wp","href":"https:\/\/api.w.org\/{rel}","templated":true}]}}