{"id":33,"date":"2019-04-19T05:07:19","date_gmt":"2019-04-19T05:07:19","guid":{"rendered":"https:\/\/demolar.nifweb.com\/eticaret\/demo1\/?post_type=product&#038;p=33"},"modified":"2021-07-09T13:38:04","modified_gmt":"2021-07-09T13:38:04","slug":"deri-erkek-cuzdan","status":"publish","type":"product","link":"https:\/\/demolar.nifweb.com\/eticaret\/demo1\/product\/deri-erkek-cuzdan\/","title":{"rendered":"Deri Erkek C\u00fczdan"},"content":{"rendered":"<p>Erkek deri c\u00fczdan\u0131 sat\u0131n alarak kartlar\u0131n\u0131z\u0131 ve nakit paralar\u0131n\u0131z\u0131 muhafaza edebilirsiniz.<\/p>\n","protected":false},"excerpt":{"rendered":"<p>Ger\u00e7ek deri olan bu c\u00fczdan hakiki dana derisinden \u00fcretilmi\u015ftir.<\/p>\n<p>6 tane kart koyma g\u00f6z\u00fc bulunmaktad\u0131r.<\/p>\n","protected":false},"featured_media":34,"menu_order":0,"comment_status":"open","ping_status":"closed","template":"","meta":[],"product_cat":[134,16,104,28],"product_tag":[292,216,156],"_links":{"self":[{"href":"https:\/\/demolar.nifweb.com\/eticaret\/demo1\/wp-json\/wp\/v2\/product\/33"}],"collection":[{"href":"https:\/\/demolar.nifweb.com\/eticaret\/demo1\/wp-json\/wp\/v2\/product"}],"about":[{"href":"https:\/\/demolar.nifweb.com\/eticaret\/demo1\/wp-json\/wp\/v2\/types\/product"}],"replies":[{"embeddable":true,"href":"https:\/\/demolar.nifweb.com\/eticaret\/demo1\/wp-json\/wp\/v2\/comments?post=33"}],"wp:featuredmedia":[{"embeddable":true,"href":"https:\/\/demolar.nifweb.com\/eticaret\/demo1\/wp-json\/wp\/v2\/media\/34"}],"wp:attachment":[{"href":"https:\/\/demolar.nifweb.com\/eticaret\/demo1\/wp-json\/wp\/v2\/media?parent=33"}],"wp:term":[{"taxonomy":"product_cat","embeddable":true,"href":"https:\/\/demolar.nifweb.com\/eticaret\/demo1\/wp-json\/wp\/v2\/product_cat?post=33"},{"taxonomy":"product_tag","embeddable":true,"href":"https:\/\/demolar.nifweb.com\/eticaret\/demo1\/wp-json\/wp\/v2\/product_tag?post=33"}],"curies":[{"name":"wp","href":"https:\/\/api.w.org\/{rel}","templated":true}]}}