{"id":23,"date":"2019-04-17T04:43:11","date_gmt":"2019-04-17T04:43:11","guid":{"rendered":"https:\/\/demolar.nifweb.com\/eticaret\/demo1\/?post_type=product&#038;p=23"},"modified":"2021-07-09T13:38:39","modified_gmt":"2021-07-09T13:38:39","slug":"el-cantasi","status":"publish","type":"product","link":"https:\/\/demolar.nifweb.com\/eticaret\/demo1\/product\/el-cantasi\/","title":{"rendered":"El \u00c7antas\u0131"},"content":{"rendered":"<p>her ama\u00e7la kullan\u0131labilir el \u00e7antas\u0131.<\/p>\n","protected":false},"excerpt":{"rendered":"<p>so\u011fuk tutma \u00f6zelli\u011fi olan bu \u00e7antay\u0131 pikni\u011fe vb. yerlere giderken yan\u0131n\u0131za al\u0131p i\u00e7eceklerinizi so\u011fuk tutabilirsiniz.<\/p>\n","protected":false},"featured_media":24,"menu_order":0,"comment_status":"open","ping_status":"closed","template":"","meta":[],"product_cat":[15,134],"product_tag":[234,297,298],"_links":{"self":[{"href":"https:\/\/demolar.nifweb.com\/eticaret\/demo1\/wp-json\/wp\/v2\/product\/23"}],"collection":[{"href":"https:\/\/demolar.nifweb.com\/eticaret\/demo1\/wp-json\/wp\/v2\/product"}],"about":[{"href":"https:\/\/demolar.nifweb.com\/eticaret\/demo1\/wp-json\/wp\/v2\/types\/product"}],"replies":[{"embeddable":true,"href":"https:\/\/demolar.nifweb.com\/eticaret\/demo1\/wp-json\/wp\/v2\/comments?post=23"}],"wp:featuredmedia":[{"embeddable":true,"href":"https:\/\/demolar.nifweb.com\/eticaret\/demo1\/wp-json\/wp\/v2\/media\/24"}],"wp:attachment":[{"href":"https:\/\/demolar.nifweb.com\/eticaret\/demo1\/wp-json\/wp\/v2\/media?parent=23"}],"wp:term":[{"taxonomy":"product_cat","embeddable":true,"href":"https:\/\/demolar.nifweb.com\/eticaret\/demo1\/wp-json\/wp\/v2\/product_cat?post=23"},{"taxonomy":"product_tag","embeddable":true,"href":"https:\/\/demolar.nifweb.com\/eticaret\/demo1\/wp-json\/wp\/v2\/product_tag?post=23"}],"curies":[{"name":"wp","href":"https:\/\/api.w.org\/{rel}","templated":true}]}}