{"id":2031,"date":"2020-12-23T08:07:14","date_gmt":"2020-12-23T08:07:14","guid":{"rendered":"https:\/\/demolar.nifweb.com\/eticaret\/demo1\/?post_type=product&#038;p=2031"},"modified":"2021-07-09T08:58:24","modified_gmt":"2021-07-09T08:58:24","slug":"bayan-islemeli-kupe","status":"publish","type":"product","link":"https:\/\/demolar.nifweb.com\/eticaret\/demo1\/product\/bayan-islemeli-kupe\/","title":{"rendered":"Bayan \u0130\u015flemeli K\u00fcpe"},"content":{"rendered":"<p>Sipari\u015finizle birlikte\u00a0taraf\u0131n\u0131za g\u00f6nderilen \u0130ade &amp; De\u011fi\u015fim formunda bulunan ilgili alana isminizi soyad\u0131n\u0131z\u0131, sipari\u015f numaran\u0131z\u0131 ve de\u011fi\u015ftirmek istedi\u011finiz \u00fcr\u00fcn\u00fcn\u00fcn kodu,\u00a0bedeni ve rengini belirterek faturan\u0131z ile\u00a0beraber \u00fcr\u00fcn\u00fcn\u00fcz\u00fc \u00fccretsiz olarak taraf\u0131m\u0131za g\u00f6nderebilirsiniz.<\/p>\n<p>De\u011fi\u015fimlerindeki olas\u0131 fiyat farkl\u0131l\u0131klar\u0131nda yada istedi\u011finiz \u00fcr\u00fcndeki stok durumuna g\u00f6re\u00a0M\u00fc\u015fteri Hizmetlerimiz\u00a0taraf\u0131n\u0131zla ileti\u015fime ge\u00e7ecektir.<\/p>\n<p>Yeni olu\u015fturulan de\u011fi\u015fim sipari\u015finizin bilgilendirmesi e-posta adresinize g\u00f6nderilecektir. Sipari\u015f takibinizi \u00fcyelik giri\u015fi yapt\u0131ktan sonra Sipari\u015flerim alan\u0131ndan takip edebilirsiniz.<\/p>\n","protected":false},"excerpt":{"rendered":"<h2>2.23 gr 14 Ayar Beyaz Alt\u0131n<\/h2>\n<table border=\"0\" width=\"100%\" cellspacing=\"0\" cellpadding=\"0\">\n<tbody>\n<tr>\n<td height=\"20\">Ta\u015f<\/td>\n<td>Ta\u015f B\u00fcy\u00fckl\u00fc\u011f\u00fc<\/td>\n<td>Adet<\/td>\n<td>\n<div class=\"tas_ozellikleri\"><a class=\"trigger\">Renk<\/a><\/div>\n<\/td>\n<td>\n<div class=\"tas_ozellikleri\"><a class=\"trigger\">Berrakl\u0131k<\/a><\/div>\n<\/td>\n<td>\n<div class=\"tas_ozellikleri\"><a class=\"trigger\">\u015eekil<\/a><\/div>\n<\/td>\n<\/tr>\n<tr>\n<td colspan=\"6\" bgcolor=\"#eee\" height=\"1\"><\/td>\n<\/tr>\n<tr>\n<td height=\"24\">P\u0131rlanta<\/td>\n<td>0,20 Karat<\/td>\n<td>32<\/td>\n<td>G<\/td>\n<td>VS<\/td>\n<td height=\"22\">Yuvarlak<\/td>\n<\/tr>\n<tr>\n<td colspan=\"6\" bgcolor=\"#eee\" height=\"1\"><\/td>\n<\/tr>\n<\/tbody>\n<\/table>\n<p>Toplam ta\u015f b\u00fcy\u00fckl\u00fc\u011f\u00fc 0.20 Karatt\u0131r.<\/p>\n","protected":false},"featured_media":2032,"menu_order":0,"comment_status":"open","ping_status":"closed","template":"","meta":[],"product_cat":[17,23],"product_tag":[197,196,195,151],"_links":{"self":[{"href":"https:\/\/demolar.nifweb.com\/eticaret\/demo1\/wp-json\/wp\/v2\/product\/2031"}],"collection":[{"href":"https:\/\/demolar.nifweb.com\/eticaret\/demo1\/wp-json\/wp\/v2\/product"}],"about":[{"href":"https:\/\/demolar.nifweb.com\/eticaret\/demo1\/wp-json\/wp\/v2\/types\/product"}],"replies":[{"embeddable":true,"href":"https:\/\/demolar.nifweb.com\/eticaret\/demo1\/wp-json\/wp\/v2\/comments?post=2031"}],"wp:featuredmedia":[{"embeddable":true,"href":"https:\/\/demolar.nifweb.com\/eticaret\/demo1\/wp-json\/wp\/v2\/media\/2032"}],"wp:attachment":[{"href":"https:\/\/demolar.nifweb.com\/eticaret\/demo1\/wp-json\/wp\/v2\/media?parent=2031"}],"wp:term":[{"taxonomy":"product_cat","embeddable":true,"href":"https:\/\/demolar.nifweb.com\/eticaret\/demo1\/wp-json\/wp\/v2\/product_cat?post=2031"},{"taxonomy":"product_tag","embeddable":true,"href":"https:\/\/demolar.nifweb.com\/eticaret\/demo1\/wp-json\/wp\/v2\/product_tag?post=2031"}],"curies":[{"name":"wp","href":"https:\/\/api.w.org\/{rel}","templated":true}]}}