{"id":2022,"date":"2020-12-23T07:58:07","date_gmt":"2020-12-23T07:58:07","guid":{"rendered":"https:\/\/demolar.nifweb.com\/eticaret\/demo1\/?post_type=product&#038;p=2022"},"modified":"2021-07-09T08:59:46","modified_gmt":"2021-07-09T08:59:46","slug":"mavi-tasli-yuzuk","status":"publish","type":"product","link":"https:\/\/demolar.nifweb.com\/eticaret\/demo1\/product\/mavi-tasli-yuzuk\/","title":{"rendered":"Mavi Ta\u015fl\u0131 Y\u00fcz\u00fck"},"content":{"rendered":"<h1 id=\"product-name\" class=\"product-name best-price-trick\" data-bind=\"markupText: 'productName', event: {mouseup: handleMouseUpForProductName}\">Y\u00fcz\u00fck 925 Ayar G\u00fcm\u00fc\u015f Zirkon Ta\u015f \u0130\u015flemeli Kad\u0131n Y\u00fcz\u00fck Oval Model Aqua Mavi Ta\u015fl\u0131<\/h1>\n","protected":false},"excerpt":{"rendered":"<p>Y\u00fcz\u00fck 925 Ayar G\u00fcm\u00fc\u015f Zirkon Ta\u015f \u0130\u015flemeli Kad\u0131n Y\u00fcz\u00fck Oval Model Aqua Mavi Ta\u015fl\u0131<\/p>\n<h2>925 Ayar G\u00fcm\u00fc\u015f Zirkon Ta\u015f \u0130\u015flemeli Kad\u0131n Y\u00fcz\u00fc\u011f\u00fc Oval Model Aqua Mavi Ta\u015fl\u0131\u00a0<strong>\u00dcr\u00fcn \u00d6zellikleri<\/strong><\/h2>\n<ul>\n<li>925 ayar g\u00fcm\u00fc\u015fle \u00fcretilmi\u015ftir.<\/li>\n<li>G\u00fcm\u00fc\u015f y\u00fcz\u00fc\u011f\u00fcn\u00fcz\u00fcn \u00f6mr\u00fcn\u00fc sabun, deodorant, ter ve sudan sak\u0131narak uzatabilirsiniz.<\/li>\n<\/ul>\n","protected":false},"featured_media":2023,"menu_order":0,"comment_status":"open","ping_status":"closed","template":"","meta":[],"product_cat":[17,23],"product_tag":[201,193,202,151,149],"_links":{"self":[{"href":"https:\/\/demolar.nifweb.com\/eticaret\/demo1\/wp-json\/wp\/v2\/product\/2022"}],"collection":[{"href":"https:\/\/demolar.nifweb.com\/eticaret\/demo1\/wp-json\/wp\/v2\/product"}],"about":[{"href":"https:\/\/demolar.nifweb.com\/eticaret\/demo1\/wp-json\/wp\/v2\/types\/product"}],"replies":[{"embeddable":true,"href":"https:\/\/demolar.nifweb.com\/eticaret\/demo1\/wp-json\/wp\/v2\/comments?post=2022"}],"wp:featuredmedia":[{"embeddable":true,"href":"https:\/\/demolar.nifweb.com\/eticaret\/demo1\/wp-json\/wp\/v2\/media\/2023"}],"wp:attachment":[{"href":"https:\/\/demolar.nifweb.com\/eticaret\/demo1\/wp-json\/wp\/v2\/media?parent=2022"}],"wp:term":[{"taxonomy":"product_cat","embeddable":true,"href":"https:\/\/demolar.nifweb.com\/eticaret\/demo1\/wp-json\/wp\/v2\/product_cat?post=2022"},{"taxonomy":"product_tag","embeddable":true,"href":"https:\/\/demolar.nifweb.com\/eticaret\/demo1\/wp-json\/wp\/v2\/product_tag?post=2022"}],"curies":[{"name":"wp","href":"https:\/\/api.w.org\/{rel}","templated":true}]}}