{"id":1559,"date":"2020-05-05T06:08:52","date_gmt":"2020-05-05T06:08:52","guid":{"rendered":"https:\/\/demolar.nifweb.com\/eticaret\/demo1\/?post_type=product&#038;p=1559"},"modified":"2021-07-09T09:14:57","modified_gmt":"2021-07-09T09:14:57","slug":"omron-tansiyon-aleti","status":"publish","type":"product","link":"https:\/\/demolar.nifweb.com\/eticaret\/demo1\/product\/omron-tansiyon-aleti\/","title":{"rendered":"Omron Tansiyon Aleti"},"content":{"rendered":"<p><a href=\"https:\/\/www.trendyol.com\/omron-x-b494\">Omron<\/a>\u00a0M3 Comfort Hem-7155-e Koldan Tansiyon \u00d6l\u00e7er HEM-7155-E Koldan Tansiyon \u00d6l\u00e7er<\/p>\n","protected":false},"excerpt":{"rendered":"<ul>\n<li class=\"return-info\">15 g\u00fcn i\u00e7inde \u00fccretsiz iade.Detayl\u0131 bilgi i\u00e7in\u00a0<a class=\"pr-in-dt-link\">t\u0131klay\u0131n<\/a><\/li>\n<li>Bu \u00fcr\u00fcn\u00a0<span class=\"pr-in-dt-spn\">mixpointt<\/span>\u00a0taraf\u0131ndan g\u00f6nderilecektir.<\/li>\n<li><b>\u0130ncelemi\u015f oldu\u011funuz \u00fcr\u00fcn\u00fcn sat\u0131\u015f fiyat\u0131n\u0131 sat\u0131c\u0131 belirlemektedir.<\/b><\/li>\n<li>M3 Comfort Hem-7155-e Koldan Tansiyon \u00d6l\u00e7er<\/li>\n<li>Bu \u00fcr\u00fcnden en fazla 10 adet sipari\u015f verilebilir. 10 adetin \u00fczerindeki sipari\u015fleri Trendyol iptal etme hakk\u0131n\u0131 sakl\u0131 tutar.<\/li>\n<li>Kampanya fiyat\u0131ndan sat\u0131lmak \u00fczere 10 adetten fazla stok sunulmu\u015ftur.<\/li>\n<li>Bir \u00fcr\u00fcn birden fazla sat\u0131c\u0131 taraf\u0131ndan sat\u0131labilir. \u00dcr\u00fcn liste ve detay sayfalar\u0131nda t\u00fcketici memnuniyeti g\u00f6z \u00f6n\u00fcne al\u0131narak fiyat avantaj\u0131, teslimat h\u0131z\u0131, iade oranlar\u0131 ve genel hizmet kalitesine g\u00f6re belirlenmi\u015f puan\u0131 en y\u00fcksek sat\u0131c\u0131 g\u00f6r\u00fcn\u00fcr sat\u0131c\u0131 olur. Di\u011fer sat\u0131c\u0131lar, \u00fcr\u00fcn detay sayfas\u0131nda alternatif olarak listelenirler.<\/li>\n<li>Listelenen fiyat 9 Temmuz 2021 tarihine kadar ge\u00e7erlidir.<\/li>\n<\/ul>\n","protected":false},"featured_media":1560,"menu_order":0,"comment_status":"open","ping_status":"closed","template":"","meta":[],"product_cat":[78,76,75],"product_tag":[229,255,256],"_links":{"self":[{"href":"https:\/\/demolar.nifweb.com\/eticaret\/demo1\/wp-json\/wp\/v2\/product\/1559"}],"collection":[{"href":"https:\/\/demolar.nifweb.com\/eticaret\/demo1\/wp-json\/wp\/v2\/product"}],"about":[{"href":"https:\/\/demolar.nifweb.com\/eticaret\/demo1\/wp-json\/wp\/v2\/types\/product"}],"replies":[{"embeddable":true,"href":"https:\/\/demolar.nifweb.com\/eticaret\/demo1\/wp-json\/wp\/v2\/comments?post=1559"}],"wp:featuredmedia":[{"embeddable":true,"href":"https:\/\/demolar.nifweb.com\/eticaret\/demo1\/wp-json\/wp\/v2\/media\/1560"}],"wp:attachment":[{"href":"https:\/\/demolar.nifweb.com\/eticaret\/demo1\/wp-json\/wp\/v2\/media?parent=1559"}],"wp:term":[{"taxonomy":"product_cat","embeddable":true,"href":"https:\/\/demolar.nifweb.com\/eticaret\/demo1\/wp-json\/wp\/v2\/product_cat?post=1559"},{"taxonomy":"product_tag","embeddable":true,"href":"https:\/\/demolar.nifweb.com\/eticaret\/demo1\/wp-json\/wp\/v2\/product_tag?post=1559"}],"curies":[{"name":"wp","href":"https:\/\/api.w.org\/{rel}","templated":true}]}}