{"id":1337,"date":"2019-01-10T05:52:51","date_gmt":"2019-01-10T05:52:51","guid":{"rendered":"https:\/\/demolar.nifweb.com\/eticaret\/demo1\/?post_type=product&#038;p=1337"},"modified":"2021-07-09T13:40:59","modified_gmt":"2021-07-09T13:40:59","slug":"bluetooth-hoparlor","status":"publish","type":"product","link":"https:\/\/demolar.nifweb.com\/eticaret\/demo1\/product\/bluetooth-hoparlor\/","title":{"rendered":"Bluetooth Hoparl\u00f6r"},"content":{"rendered":"<p>Bluetooth hoparl\u00f6r 20w.<\/p>\n","protected":false},"excerpt":{"rendered":"<p>kuma\u015f \u00f6rme d\u0131\u015f yap\u0131s\u0131 ile dikkat \u00e7eker<\/p>\n<p>\u00fcr\u00fcn \u00f6zellikleri:<\/p>\n<p>20 w rms de\u011ferine sahip hoparl\u00f6rler<\/p>\n<p>y\u00fcksek bass \u00f6zelli\u011fi.<\/p>\n","protected":false},"featured_media":1336,"menu_order":0,"comment_status":"open","ping_status":"closed","template":"","meta":[],"product_cat":[22,18,134],"product_tag":[313,45,317],"_links":{"self":[{"href":"https:\/\/demolar.nifweb.com\/eticaret\/demo1\/wp-json\/wp\/v2\/product\/1337"}],"collection":[{"href":"https:\/\/demolar.nifweb.com\/eticaret\/demo1\/wp-json\/wp\/v2\/product"}],"about":[{"href":"https:\/\/demolar.nifweb.com\/eticaret\/demo1\/wp-json\/wp\/v2\/types\/product"}],"replies":[{"embeddable":true,"href":"https:\/\/demolar.nifweb.com\/eticaret\/demo1\/wp-json\/wp\/v2\/comments?post=1337"}],"wp:featuredmedia":[{"embeddable":true,"href":"https:\/\/demolar.nifweb.com\/eticaret\/demo1\/wp-json\/wp\/v2\/media\/1336"}],"wp:attachment":[{"href":"https:\/\/demolar.nifweb.com\/eticaret\/demo1\/wp-json\/wp\/v2\/media?parent=1337"}],"wp:term":[{"taxonomy":"product_cat","embeddable":true,"href":"https:\/\/demolar.nifweb.com\/eticaret\/demo1\/wp-json\/wp\/v2\/product_cat?post=1337"},{"taxonomy":"product_tag","embeddable":true,"href":"https:\/\/demolar.nifweb.com\/eticaret\/demo1\/wp-json\/wp\/v2\/product_tag?post=1337"}],"curies":[{"name":"wp","href":"https:\/\/api.w.org\/{rel}","templated":true}]}}